{"id":123,"date":"2017-11-01T12:14:34","date_gmt":"2017-11-01T15:14:34","guid":{"rendered":"http:\/\/www.cancelomideuda.com\/?page_id=123"},"modified":"2017-11-01T12:53:23","modified_gmt":"2017-11-01T15:53:23","slug":"aviso-de-privacidad-cancelo-mi-deuda-argentina","status":"publish","type":"page","link":"https:\/\/cancelomideuda.com\/index.php\/aviso-de-privacidad-cancelo-mi-deuda-argentina\/","title":{"rendered":"AVISO DE PRIVACIDAD CANCELO MI DEUDA ARGENTINA"},"content":{"rendered":"<p><strong>CANCELO MI DEUDA<\/strong><\/p>\n<p><strong>POL\u00cdTICA DE PRIVACIDAD Y CONFIDENCIALIDAD DE LA INFORMACI\u00d3N<\/strong><\/p>\n<p>\u00daltima modificaci\u00f3n 01\/11\/2017<\/p>\n<p>CANCELO MI DEUDA S.A. CUIT 30-70824096-2 ( en adelante \u2018Cancelo Mi Deuda\u2019) es una sociedad an\u00f3nima constituida de conformidad con las leyes de la Rep\u00fablica Argentina, cuyos accionistas limitan su responsabilidad a la integraci\u00f3n de las acciones suscriptas de acuerdo a lo establecido por la Ley de Sociedades Comerciales N\u00b0 19.550 y sus modificatorias y reglamentarias.<\/p>\n<p>Al acceder al sitio web de Cancelo Mi Deuda en las direcciones www.cancelomideuda.com (el \u201cSitio\u201d), los usuarios, y el p\u00fablico en general (los \u201cUsuarios\u201d) se comprometen a dar total cumplimiento a los T\u00e9rminos y Condiciones que a continuaci\u00f3n se establecen, entendi\u00e9ndose que los Usuarios han adherido en forma inmediata a todos y cada uno de los mismos, comprometi\u00e9ndose a utilizar el Sitio y los servicios ofrecidos en \u00e9l en forma l\u00edcita.<\/p>\n<p>Este documento es parte integrante de los T\u00e9rminos y Condiciones Generales de Cancelo Mi Deuda. Mediante la aceptaci\u00f3n de los T\u00e9rminos y Condiciones Generales en el momento de la registraci\u00f3n, el usuario acepta las pol\u00edticas aqu\u00ed contenidas.<\/p>\n<p>Al registrarse y\/o navegar en el sitio web de Cancelo Mi Deuda, el usuario y\/o el visitante prestan su consentimiento para que se utilice su informaci\u00f3n personal de acuerdo a las pol\u00edticas que se describen a continuaci\u00f3n.<\/p>\n<p>La privacidad de la informaci\u00f3n de los usuarios es fundamental para Cancelo Mi Deuda. Es por esa raz\u00f3n que se toman todas las precauciones y recaudos para resguardar su informaci\u00f3n, utilizando los mecanismos de seguridad inform\u00e1tica de protecci\u00f3n m\u00e1s completos y actualizados.<\/p>\n<p>Los Datos personales brindados por los Usuarios ser\u00e1n procesados y almacenados en servidores o medios magn\u00e9ticos que cuentan con altos est\u00e1ndares de seguridad y protecci\u00f3n, tanto f\u00edsica como tecnol\u00f3gica.<\/p>\n<p>El Usuario reconoce y acepta que Cancelo Mi Deuda pueda, a su sola discreci\u00f3n, conservar por tiempo indeterminado o divulgar los datos personales siempre que considere que es necesario por ley o creyendo de buena fe que dicha conservaci\u00f3n o divulgaci\u00f3n es razonablemente necesaria para cumplir con recaudos legales, o responder a leg\u00edtimos reclamos de terceros sobre la violaci\u00f3n de los derechos.<\/p>\n<p><strong>Derechos de acceso, cancelaci\u00f3n y rectificaci\u00f3n de la informaci\u00f3n personal<\/strong><\/p>\n<p>Los usuarios tienen el derecho reconocido legalmente de acceder, rectificar y actualizar su Informaci\u00f3n Personal, pudiendo en algunos casos solicitar su eliminaci\u00f3n de conformidad con lo dispuesto en la ley 25.326. En consecuencia, el titular de los datos personales, previa acreditaci\u00f3n de su identidad, tiene la facultad de ejercer el derecho de acceso a los mismos, en forma gratuita, a intervalos no inferiores a seis meses, salvo que se acredite un inter\u00e9s leg\u00edtimo al efecto (Art\u00edculo 14, inciso 3 de la Ley N\u00ba 25.326).<\/p>\n<p>&nbsp;<\/p>\n<p>Para la rectificaci\u00f3n y supresi\u00f3n de los datos personales, el titular de los mismo podr\u00e1 ejercer tales derechos dentro de los 5 (cinco) d\u00edas h\u00e1biles de acreditada su identidad.<\/p>\n<p>Los usuarios garantizan y responden, en cualquier caso, de la veracidad, exactitud \u00a0y autenticidad de la Informaci\u00f3n Personal facilitada y se comprometen asimismo a mantenerla debidamente actualizada.<\/p>\n<p>Una vez registrado en Cancelo Mi Deuda, el usuario podr\u00e1 revisar y cambiar la informaci\u00f3n que nos ha enviado durante el proceso de registraci\u00f3n incluyendo:<\/p>\n<ol>\n<li>El nombre de usuario y direcci\u00f3n de correo electr\u00f3nico: sin perjuicio de los cambios que realice, Cancelo Mi Deuda, conservar\u00e1 la Informaci\u00f3n Personal anterior por motivos de seguridad y control del fraude.<\/li>\n<li>La informaci\u00f3n de la registraci\u00f3n como: compa\u00f1\u00eda, domicilio, ciudad, regi\u00f3n, c\u00f3digo postal, n\u00famero principal de tel\u00e9fono, n\u00famero secundario de tel\u00e9fono, n\u00famero de fax, correo electr\u00f3nico, etc.<\/li>\n<\/ol>\n<p>Desde su alta como Usuarios y hasta tanto no se produzca la baja, los Usuarios podr\u00e1n revisar y cambiar la informaci\u00f3n que han enviado durante el proceso de registraci\u00f3n.<\/p>\n<p>Las presentes Pol\u00edticas de Privacidad podr\u00e1n ser modificadas por Cancelo Mi Deuda en cualquier momento en que lo considere necesario. Dichas modificaciones entrar\u00e1n en vigencia desde su publicaci\u00f3n en el Sitio, quedando obligados los Usuarios por las mismas desde dicho momento.<\/p>\n<p>En caso de que el Usuario no est\u00e9 de acuerdo con las modificaciones, deber\u00e1 dejar de usar los servicios brindados por Cancelo Mi Deuda en forma inmediata. El Usuario entiende y conviene en que es el \u00fanico responsable de revisar las Pol\u00edticas de Privacidad peri\u00f3dicamente y que estar\u00e1 obligado a sujetarse a dichas modificaciones, una vez que \u00e9stas entren en vigor es decir, se considerar\u00e1 a tales efectos la \u00faltima versi\u00f3n que se encuentre on-line.<\/p>\n<p>Para mayor informaci\u00f3n sobre las Pol\u00edticas de Privacidad, consultas o reclamos los Usuarios podr\u00e1n escribir por correo electr\u00f3nico a: <a href=\"mailto:info@cancelomideuda.com\">info@cancelomideuda.com<\/a>, o por correo postal a: Montevideo 666, piso 8, Oficina 807, (1019), C.A.B.A. Rep\u00fablica Argentina.<\/p>\n<p>Finalmente hacemos saber que la Direcci\u00f3n Nacional de Protecci\u00f3n de Datos Personales, \u00d3rgano de Control de la Ley N\u00ba 25.326, tiene la atribuci\u00f3n de atender las denuncias y reclamos que se interpongan con relaci\u00f3n al incumplimiento de las normas sobre protecci\u00f3n de datos personales.<\/p>\n<p><strong>\u00a0<\/strong><\/p>\n<p><strong>B.-\u00a0 Qu\u00e9 tipo de Informaci\u00f3n recabamos y su finalidad<\/strong><\/p>\n<p>Las Pol\u00edticas de Privacidad se aplican a toda aquella informaci\u00f3n personal que el Usuario ingresa voluntariamente al momento de registrarse; o al momento de realizarse actualizaciones de datos e incluye: nombre, apellido, DNI CUIT\/L direcciones, n\u00fameros de tel\u00e9fono, correos electr\u00f3nicos, sexo, edad. El Usuario, con excepci\u00f3n del Nombre y apellido y DNI que son necesarios para identificar a los Usuarios y cumplir la finalidad del sitio, puede modificar o actualizar esta informaci\u00f3n en cualquier momento conforme se expusiera precedentemente. En ning\u00fan caso Cancelo Mi Deuda solicitar\u00e1 ni recabar\u00e1 datos sensibles en los t\u00e9rminos del art. 2 de la ley 25.326.<\/p>\n<p>Los datos personales contenidos en la informaci\u00f3n confidencial, son utilizados para proveerle al Usuario el servicio acorde a sus necesidades y en su caso ofrecerle publicidad o contenidos que puedan llegar a serle de inter\u00e9s solo <strong>si es el Usuario solicit\u00f3 recibirlos<\/strong>.<\/p>\n<p>Una vez registrado en el Sitio, Cancelo Mi Deuda no divulgar\u00e1 ni comercializar\u00e1 la Informaci\u00f3n Personal brindada por los Usuarios, excepto en las formas establecidas en estas pol\u00edticas. El Usuario consiente en forma expresa que Cancelo Mi Deuda, a su exclusivo criterio, comparta total o parcialmente la Informaci\u00f3n Personal a cualquiera de las sociedades vinculadas comercialmente a fin de obtener la los informes de deudas que requiera el Usuario.<\/p>\n<p>Desde ya dejamos establecido que haremos cuanto est\u00e9 a nuestro alcance para proteger la privacidad de la informaci\u00f3n. No obstante puede suceder que \u00f3rdenes judiciales, o regulaciones legales nos obliguen a revelar informaci\u00f3n a las autoridades o terceras partes bajo ciertas circunstancias, o bien que terceros puedan interceptar o acceder a cierta informaci\u00f3n o transmisiones de datos en cuyo caso Cancelo Mi Deuda no responder\u00e1 por la informaci\u00f3n que sea revelada.<\/p>\n<p><strong>C.- Medidas de Seguridad<\/strong><\/p>\n<p>Cancelo Mi Deuda est\u00e1 obligada a cumplir con toda la normativa aplicable en materia de medidas de seguridad, relacionadas con la Informaci\u00f3n Personal y considera a los datos de sus Usuarios como un activo que debe ser protegido de cualquier p\u00e9rdida o acceso no autorizado. Por ello adoptamos numerosas medidas de seguridad tendientes a evitar accesos no autorizados.<\/p>\n<p>Sin perjuicio de ello, la seguridad perfecta no existe en Internet, raz\u00f3n por la cual el Usuario de Cancelo Mi Deuda declara conocer y aceptar que \u00e9sta \u00faltima no se hace responsable por interceptaciones ilegales o violaci\u00f3n de sus sistemas o bases de datos por parte de personas no autorizadas, ni por la indebida utilizaci\u00f3n de la informaci\u00f3n obtenida por esos medios.<\/p>\n<p>&nbsp;<\/p>\n<p>&nbsp;<\/p>\n<p>&nbsp;<\/p>\n","protected":false},"excerpt":{"rendered":"<p>CANCELO MI DEUDA POL\u00cdTICA DE PRIVACIDAD Y CONFIDENCIALIDAD DE LA INFORMACI\u00d3N \u00daltima modificaci\u00f3n 01\/11\/2017 CANCELO MI DEUDA S.A. CUIT 30-70824096-2 ( en adelante \u2018Cancelo Mi Deuda\u2019) es una sociedad an\u00f3nima constituida de conformidad con las leyes de la Rep\u00fablica Argentina, cuyos accionistas limitan su responsabilidad a la integraci\u00f3n de las acciones suscriptas de acuerdo a [&hellip;]<\/p>\n","protected":false},"author":2,"featured_media":0,"parent":0,"menu_order":0,"comment_status":"closed","ping_status":"closed","template":"","meta":{"footnotes":""},"class_list":["post-123","page","type-page","status-publish","czr-hentry"],"jetpack_sharing_enabled":true,"_links":{"self":[{"href":"https:\/\/cancelomideuda.com\/index.php\/wp-json\/wp\/v2\/pages\/123","targetHints":{"allow":["GET"]}}],"collection":[{"href":"https:\/\/cancelomideuda.com\/index.php\/wp-json\/wp\/v2\/pages"}],"about":[{"href":"https:\/\/cancelomideuda.com\/index.php\/wp-json\/wp\/v2\/types\/page"}],"author":[{"embeddable":true,"href":"https:\/\/cancelomideuda.com\/index.php\/wp-json\/wp\/v2\/users\/2"}],"replies":[{"embeddable":true,"href":"https:\/\/cancelomideuda.com\/index.php\/wp-json\/wp\/v2\/comments?post=123"}],"version-history":[{"count":2,"href":"https:\/\/cancelomideuda.com\/index.php\/wp-json\/wp\/v2\/pages\/123\/revisions"}],"predecessor-version":[{"id":140,"href":"https:\/\/cancelomideuda.com\/index.php\/wp-json\/wp\/v2\/pages\/123\/revisions\/140"}],"wp:attachment":[{"href":"https:\/\/cancelomideuda.com\/index.php\/wp-json\/wp\/v2\/media?parent=123"}],"curies":[{"name":"wp","href":"https:\/\/api.w.org\/{rel}","templated":true}]}}