{"id":125,"date":"2017-11-01T12:27:20","date_gmt":"2017-11-01T15:27:20","guid":{"rendered":"http:\/\/www.cancelomideuda.com\/?page_id=125"},"modified":"2025-10-23T15:10:04","modified_gmt":"2025-10-23T18:10:04","slug":"aviso-de-privacidad-cancelo-mi-deuda-mexico","status":"publish","type":"page","link":"https:\/\/cancelomideuda.com\/index.php\/aviso-de-privacidad-cancelo-mi-deuda-mexico\/","title":{"rendered":"AVISO DE PRIVACIDAD CANCELO MI DEUDA M\u00c9XICO"},"content":{"rendered":"<p><strong>DECLARACI\u00d3N DE PRIVACIDAD Y CONFIDENCIALIDAD<br \/>\n<\/strong><\/p>\n<p>CANCELO MI DEUDA.COM, S.A.P.I. DE C.V.<br \/>\nIDENTIDAD DEL RESPONSABLE.<br \/>\nCANCELO MI DEUDA.COM, S.A.P.I. DE C.V. (en adelante Cancelo Mi Deuda) con domicilio fiscal en Cerrada Relox 16, Col. Chimalistac, Alcald\u00eda \u00c1lvaro Obreg\u00f3n, C.P. 01070, Ciudad de M\u00e9xico, y sitio web * www.cancelomideuda.com *, en su calidad de responsable de recabar, usar y proteger sus datos personales de conformidad con lo establecido en la Ley Federal de Protecci\u00f3n de Datos Personales en Posesi\u00f3n de los Particulares (en adelante la Ley) asume por la presente el compromiso de respetar en los t\u00e9rminos de ley la protecci\u00f3n de sus datos personales, asimismo respetar los principios establecidos en la Ley, los cuales son: licitud, finalidad, lealtad, consentimiento, calidad, personalidad, informaci\u00f3n y responsabilidad.<\/p>\n<p>RECOLECCI\u00d3N DE DATOS PERSONALES Y SU USO.<br \/>\nCancelo Mi Deuda obtendr\u00e1 las siguientes categor\u00edas de Datos Personales: (i) Datos de Identificaci\u00f3n, (ii) Datos de contacto, (iii) Datos laborales, (iv) Datos acad\u00e9micos o profesionales, (v) datos biom\u00e9tricos \u2013 huella dactilar y\/o reconocimiento facial, (vi) Datos patrimoniales y\/o financieros, (vii) Datos de salud y (viii) Datos migratorios. Los Datos a que se refieren los numerales (v), (vi) y (vii) que se recaben del Titular ser\u00e1n obtenidos \u00fanicamente en forma directa, es decir en forma personal.<\/p>\n<p>DATOS SENSIBLES.<br \/>\nCancelo Mi Deuda, en ning\u00fan caso recabar\u00e1 ni almacenar\u00e1 datos sensibles, entendi\u00e9ndose por tales aquellos datos personales que afecten a la esfera m\u00e1s \u00edntima de la persona titulas, o cuya utilizaci\u00f3n indebida pueda dar origen a discriminaci\u00f3n o conlleve un riesgo grave para esta. De manera enunciativa m\u00e1s no limitativa se consideran sensibles los datos personales que puedan revelar aspectos como origen racial o \u00e9tnico, estado de salud presente o futuro, informaci\u00f3n gen\u00e9tica, creencias religiosas, filos\u00f3ficas o morales, opiniones pol\u00edticas y preferencias sexual.<\/p>\n<p>FINALIDAD DE LA INFORMACI\u00d3N RECABADA.<br \/>\nCancelo Mi Deuda notifica que los datos personales ser\u00e1n utilizados con las siguientes:<br \/>\nFinalidades primarias: a) dar cumplimiento a obligaciones contra\u00eddas con nuestros empleados, proveedores y\/o clientes; b) proveer la informaci\u00f3n, servicios o productos que ha solicitado; c) comunicarle y\/o notificarle sobre cambios relacionados con nuestra relaci\u00f3n contractual; d) elaborar estudios o programas que sean necesarios para postularlo como posible candidato de una relaci\u00f3n contractual con esta empresa o renovar contratos; e) para el cumplimiento de las obligaciones derivadas de las relaciones contractuales y\/o laborales con clientes, proveedores, colaboradores o socios comerciales, as\u00ed como para el cumplimiento a las disposiciones normativas federales y locales, f) La informaci\u00f3n obtenida por las c\u00e1maras de videovigilancia y\/o sistemas biom\u00e9tricos, ser\u00e1 tratada con el prop\u00f3sito de brindar seguridad a usted, a los dem\u00e1s visitantes, a las instalaciones y sus alrededores.<br \/>\nFinalidades secundarias: a) realizar evaluaciones peri\u00f3dicas de los servicios o productos contratados; b) evaluar la calidad de los servicios y\/o productos contratados o por contratar; c) Dar a conocer la relaci\u00f3n con terceros para que estos den a conocer beneficios como: promociones comerciales, otorgamiento de cr\u00e9ditos, cancelaci\u00f3n y\/o refinanciamiento de deudas.<\/p>\n<p>MEDIOS PARA MANIFESTAR SU NEGATIVIDAD PARA FINALIDADES SECUNDARIAS.<br \/>\nSi usted NO est\u00e1 de acuerdo con la utilizaci\u00f3n de sus datos personales para las finalidades antes enunciadas y\/o desea limitar su uso o divulgaci\u00f3n de acuerdo a lo establecido en la Ley, tendr\u00e1 cinco d\u00edas h\u00e1biles para manifestarlo, enviando una solicitud al correo electr\u00f3nico info@cancelomideuda.com ; dicho escrito deber\u00e1 contener, al menos, nombre completo, tel\u00e9fono, domicilio y detallar las finalidades que desea establecer ya sea para limitar o eliminar dicha informaci\u00f3n. As\u00ed mismo, deber\u00e1 proporcionar la documentaci\u00f3n correspondiente a fin de acreditar la identidad o la representaci\u00f3n legal del Titular de los datos objeto de la solicitud. Sus datos personales ser\u00e1n tratados \u00fanicamente por el tiempo necesario a fin de cumplir con las finalidades previstas en este aviso y de conformidad con lo dispuesto en la legislaci\u00f3n en materia de protecci\u00f3n de datos personales.<\/p>\n<p>MEDIOS DE OBTENCI\u00d3N DE DATOS PERSONALES.<br \/>\nCancelo Mi Deuda podr\u00e1 recabar sus datos personales de distintas formas: cuando usted nos los proporciona directamente, cuando visita nuestro sitio web o utiliza nuestros servicios en l\u00ednea, o cuando obtenemos informaci\u00f3n a trav\u00e9s de otras fuentes p\u00fablicas permitidas por la Ley, as\u00ed como al visitar instalaciones.<\/p>\n<p>La transferencia de sus datos personales se podr\u00e1 realizar con Instituciones bancarias (para la realizaci\u00f3n y ejecuci\u00f3n de los pagos seg\u00fan corresponda), Agente de seguros (para el otorgamiento de seguro conforme a las pol\u00edticas de Cancelo Mi Deuda), Personas morales que cuenten con vacantes (valorar su postulaci\u00f3n acorde a las convocatorias laborales en las que aplico), Asesores legales (para que le sean provistos a Cancelo Mi Deuda servicios en materia legal, actuando en su representaci\u00f3n y defensa, siempre conforme a las leyes aplicables), Asesores contables y fiscales (quienes coadyuvaran a Cancelo Mi Deuda en el cumplimiento de las obligaciones contables y fiscales que le correspondan conforme a los ordenamientos legales respectivos) y Socios comerciales (para que otorguen y proporcionen informaci\u00f3n de los beneficios al contratar los servicios de estos como membres\u00edas a gimnasios, otorgamiento de cr\u00e9ditos, descuentos, entre otros).<\/p>\n<p>Si Usted no acepta la transferencia de datos personales, puede manifestar y comunicar su deseo enviando un correo a info@cancelomideuda.com haciendo valer dicha circunstancia.<\/p>\n<p>SITIO WEB.<br \/>\nLe informamos que en nuestra p\u00e1gina de internet utilizamos cookies, web beacons y otras tecnolog\u00edas a trav\u00e9s de las cuales se recaba la cantidad y frecuencia de los visitantes al portal y a sus distintas \u00e1reas. Este tipo de informaci\u00f3n ayuda a Cancelo Mi Deuda a determinar cu\u00e1ntas personas acceden a un \u00e1rea determinada y qu\u00e9 segmentos del sitio utilizan, con el objeto de poder mejorar sus servicios y asegurarse de que sea lo m\u00e1s atractivo posible. Cancelo Mi Deuda solo utiliza esta informaci\u00f3n de manera estad\u00edstica.<\/p>\n<p>DERECHOS DEL TITULAR SOBRE LA INFORMACI\u00d3N QUE CANCELO MI DEUDA TIENE DE \u00c9L EN SU CUSTODIA (DERECHOS ARCO)<br \/>\nUsted tiene derecho de acceder, rectificar y cancelar sus datos personales, as\u00ed como de oponerse al tratamiento de estos o revocar el consentimiento que para tal fin nos haya otorgado, a trav\u00e9s de los procedimientos que hemos implementado. Para conocer dichos procedimientos, los requisitos y plazos, se puede poner en contacto con nuestro Departamento de Tratamiento de Datos Personales al tel\u00e9fono +52 (55) 50625815, o bien en el correo: info@cancelomideuda.com<\/p>\n<p>El ejercicio de cualquiera de los Derechos ARCO y\/o la revocaci\u00f3n de su consentimiento para el uso de sus datos personales, deber\u00e1 hacerse de la siguiente manera:<\/p>\n<p>a) Deber\u00e1 realizar la solicitud por escrito dirigido al correo electr\u00f3nico: info@cancelomideuda.com<br \/>\nb) El escrito mediante el cual se realice la solicitud deber\u00e1 contener: (i) Nombre completo, (ii) Domicilio, tel\u00e9fono o alg\u00fan medio de comunicaci\u00f3n para efecto de mantener contacto e informarle la respuesta a su solicitud, (iii) Deber\u00e1 acompa\u00f1ar la solicitud con la documentaci\u00f3n necesaria que acredite su identidad o representaci\u00f3n legal del titular de los datos personales, (iv) Proporcionar de manera clara y precisa los elementos, informaci\u00f3n y\/o documentaci\u00f3n que permita o facilite la localizaci\u00f3n de los datos personales que se trate, (v) Especificar cu\u00e1l o cu\u00e1les de los Derechos ARCO quiere ejercer y (vi) firma del titular y\/o su representante legal.<br \/>\nc) Recibida su solicitud, Cancelo Mi Deuda responder\u00e1 ya sea mediante correo electr\u00f3nico o por escrito, de acuerdo con la informaci\u00f3n que usted nos haya indicado, en un plazo de 20 d\u00edas h\u00e1biles a partir de su recepci\u00f3n. Lo anterior, en el entendido de que podemos requerir informaci\u00f3n adicional en los t\u00e9rminos previstos en la Ley, en cuyo caso el plazo de respuesta se contar\u00e1 a partir de que nos proporcione la informaci\u00f3n\/documentaci\u00f3n adicional.<\/p>\n<p>i. Se le comunica que, respecto de las solicitudes de ACCESO a sus datos personales, la informaci\u00f3n se le proporcionar\u00eda en su caso, mediante copia simple o electr\u00f3nica, dependiendo de la disponibilidad de \u00e9sta en nuestros archivos.<br \/>\nii. En caso de solicitar la REVOCACI\u00d3N de su consentimiento, se deber\u00e1 considerar que Cancelo Mi Deuda ya no estar\u00eda en oportunidad de brindar los servicios relacionados con su persona. Es importante que tenga en cuenta que no en todos los casos podremos atender su solicitud o concluir el uso de forma inmediata, ya que es posible que por alguna obligaci\u00f3n legal requiramos seguir tratando sus datos personales.<\/p>\n<p>ACEPTACI\u00d3N DEL AVISO DE PRIVACIDAD<br \/>\nAl proporcionarnos por cualquier medio sus datos personales el Titular expresamente reconoce y acepta el presente aviso de privacidad, por lo que dicho consentimiento nos otorga la facultad para que procedamos con el tratamiento de estos de la forma en que se se\u00f1ala en el presente aviso de privacidad y con estricto apego a la legislaci\u00f3n en materia de protecci\u00f3n de datos personales, sin perjuicio de los derechos conferidos.<\/p>\n<p>VIGENCIA<br \/>\nLa presente Declaraci\u00f3n de Privacidad y Confidencialidad estar\u00e1 vigente hasta el momento en el que Cancelo Mi Deuda la actualice y publique una nueva versi\u00f3n en sus oficinas o en su sitio web en www.cancelomideuda.com. En tal caso ser\u00e1n los nuevos t\u00e9rminos que est\u00e9n publicados los que ser\u00e1n considerados como vigentes.<\/p>\n<p>El presente Aviso de privacidad se modific\u00f3 por \u00faltima ocasi\u00f3n el 15 de agosto de 2025.<\/p>\n","protected":false},"excerpt":{"rendered":"<p>DECLARACI\u00d3N DE PRIVACIDAD Y CONFIDENCIALIDAD CANCELO MI DEUDA.COM, S.A.P.I. DE C.V. IDENTIDAD DEL RESPONSABLE. CANCELO MI DEUDA.COM, S.A.P.I. DE C.V. (en adelante Cancelo Mi Deuda) con domicilio fiscal en Cerrada Relox 16, Col. Chimalistac, Alcald\u00eda \u00c1lvaro Obreg\u00f3n, C.P. 01070, Ciudad de M\u00e9xico, y sitio web * www.cancelomideuda.com *, en su calidad de responsable de recabar, [&hellip;]<\/p>\n","protected":false},"author":2,"featured_media":0,"parent":0,"menu_order":0,"comment_status":"closed","ping_status":"closed","template":"","meta":{"footnotes":""},"class_list":["post-125","page","type-page","status-publish","czr-hentry"],"jetpack_sharing_enabled":false,"_links":{"self":[{"href":"https:\/\/cancelomideuda.com\/index.php\/wp-json\/wp\/v2\/pages\/125","targetHints":{"allow":["GET"]}}],"collection":[{"href":"https:\/\/cancelomideuda.com\/index.php\/wp-json\/wp\/v2\/pages"}],"about":[{"href":"https:\/\/cancelomideuda.com\/index.php\/wp-json\/wp\/v2\/types\/page"}],"author":[{"embeddable":true,"href":"https:\/\/cancelomideuda.com\/index.php\/wp-json\/wp\/v2\/users\/2"}],"replies":[{"embeddable":true,"href":"https:\/\/cancelomideuda.com\/index.php\/wp-json\/wp\/v2\/comments?post=125"}],"version-history":[{"count":5,"href":"https:\/\/cancelomideuda.com\/index.php\/wp-json\/wp\/v2\/pages\/125\/revisions"}],"predecessor-version":[{"id":1806,"href":"https:\/\/cancelomideuda.com\/index.php\/wp-json\/wp\/v2\/pages\/125\/revisions\/1806"}],"wp:attachment":[{"href":"https:\/\/cancelomideuda.com\/index.php\/wp-json\/wp\/v2\/media?parent=125"}],"curies":[{"name":"wp","href":"https:\/\/api.w.org\/{rel}","templated":true}]}}